3. Let j be f(15). Suppose 3*s - 5*s = -j. What is the highest common factor of 4 and s?
4
Let z = -340 - -354. Calculate the highest common divisor of 658 and z.
14
Suppose -3*a + 11 = -2*v + v, 5*a + v - 5 = 0. Let j be 2 - 1 - (0 - 38). Suppose 0 = 5*m + 9 - j. What is the greatest common divisor of m and a?
2
Let r be 2*((0 - 1) + 3). Suppose r*k + 7 = i, -5*i - k = -2*k - 16. Suppose -i*y = -4*y + 22. What is the highest common factor of y and 33?
11
Suppose 0 = 4*r - x - x - 126, -5*x + 133 = 4*r. Let o = -62 + 110. Let i be ((-4)/(-6))/(4/o). Calculate the highest common factor of i and r.
8
Let f = 13 + -26. Let r(h) = h**3 + 14*h**2 + 4*h - 7. Let m be r(f). Calculate the greatest common divisor of 10 and m.
10
Suppose -9*t - 1 = -451. Calculate the greatest common factor of t and 30.
10
Suppose 0 = 2*n, i + 3*i + n = 428. Suppose -5*r - 67 = -m, 0 = 4*m + 2*r - 183 - i. What is the highest common divisor of m and 48?
24
Suppose 0*s - 3*q + 139 = 2*s, 0 = -2*s - 5*q + 145. Calculate the greatest common factor of s and 15.
5
Let i(h) = 7*h**3 - 3*h**2 + 8*h - 18. Let l be (-3 - 1)/8*-6. Let b be i(l). What is the highest common divisor of 56 and b?
56
Suppose 0 = 2*b - 5*j - 438 - 1282, 4*j - 7634 = -9*b. Calculate the greatest common factor of b and 34.
34
Let g(f) = 5*f**3 - 42*f**2 + 4*f + 7. Let y be g(9). Calculate the highest common divisor of 52 and y.
26
Let s = -37 + 39. Let t be s + -2 + 2 + 2. What is the greatest common divisor of 2 and t?
2
Let x(g) = g**3 + 4*g**2 + 4*g + 4. Let n be x(-2). Suppose 3*p - n*r - 10 = 14, -3*p + 24 = -3*r. What is the greatest common divisor of p and 2?
2
Suppose -17*s + 12*s + 210 = 0. Suppose 0 = y - 5 + 2. Suppose 8*i - 30 = y*i. Calculate the highest common divisor of s and i.
6
Let n(z) = -z**3 + 4*z**2 + 3*z - 3. Let l be n(4). Let h = l + -4. Let s = -93 + 148. What is the greatest common factor of h and s?
5
Let c be 16/(-32) + (2 - 591/(-6)). What is the greatest common factor of 20 and c?
20
Let y = -18 + 28. Let o = -23 - -33. What is the greatest common divisor of o and y?
10
Let j(r) = -14*r - 73. Let l be j(-11). Suppose 0*n - 9 = -u + 3*n, 2*u - 18 = 3*n. What is the greatest common factor of u and l?
9
Suppose 106 = 34*u - 234. Calculate the highest common divisor of 145 and u.
5
Suppose 6916 = 66*n - 52*n. Calculate the greatest common factor of n and 52.
26
Let j(s) = -2*s**3 + 14*s**2 - 15. Let b be j(-7). Calculate the greatest common divisor of b and 59.
59
Suppose -2*v = 4*y - 8, -y = -v + 1 + 15. Suppose 0 = -0*m - m + 36. What is the highest common divisor of m and v?
12
Let o(g) = 6*g**2 + 10*g**2 + 3*g**2 - 1. Let x be o(-1). Suppose 3*j = -2*r - j + 92, 4*r - 164 = -4*j. What is the highest common factor of r and x?
18
Let f = -74 - -249. Calculate the highest common divisor of 25 and f.
25
Suppose -4*l + 9*b - 7*b + 78 = 0, 5*l - 99 = b. What is the greatest common factor of l and 60?
20
Let y = -98 - -154. Suppose -m + 4*d - d = -28, -2*m = 3*d - y. Suppose q = -2*l + 7, -2*q + 2*l = 3*q - 35. Calculate the greatest common divisor of q and m.
7
Suppose 2*a + 4*j - 66 = 0, 3*j + 132 = 5*a + 2*j. Let p(t) = t**3 - 9*t**2 + 8*t + 18. Let c be p(8). Calculate the highest common factor of a and c.
9
Let i be 7 - -1 - (2 - 3). Suppose 3*v = 6*v - 54. Suppose 3*o - v + 0 = 0. Calculate the highest common factor of o and i.
3
Suppose 18 = 2*q - 0*q. Suppose 3*h - 124 = -5*j - 49, -j - 3*h = -27. What is the highest common divisor of j and q?
3
Suppose 0 = 18*l - 4950 - 20070. Calculate the greatest common divisor of 10 and l.
10
Let g = -1069 + 1619. What is the highest common factor of g and 11?
11
Suppose 0 - 1 = n, -2*n = -2*z + 6. Suppose s + 19 = 3*v, -6*v = -z*s - 2*v - 28. Let l be 72*1/(s/(-6)). What is the greatest common divisor of 12 and l?
12
Let p be (-285)/((72/16)/9 - 2). What is the highest common factor of p and 114?
38
Suppose 2*b + 3*u + 16 = -0*u, 3*u + 21 = -3*b. Let c(k) = -5*k + 3. Let z be c(b). What is the highest common factor of z and 42?
14
Let u(o) = 5*o**3 + 2*o**2 + 3. Let z be (-5)/2*6/(-5). Let l be u(z). Calculate the greatest common divisor of l and 39.
39
Let u(o) be the second derivative of o**3/6 - 7*o**2/2 - 4*o. Let g be u(7). Suppose m = 20 - g. What is the highest common factor of 50 and m?
10
Let p = -2 + 2. Suppose p = 4*h - 201 + 21. Calculate the greatest common factor of h and 18.
9
Suppose -38*h = -50*h + 168. Calculate the greatest common divisor of 49 and h.
7
Suppose 5*u - 586 + 201 = 0. Suppose 8*f - f = u. Calculate the highest common divisor of f and 22.
11
Let k(m) = -7*m**2 - 23*m + 1. Let z be k(-3). Calculate the highest common divisor of 2 and z.
1
Let w be 415/(-30)*2*-3. Let l = -53 + w. What is the greatest common divisor of l and 270?
30
Suppose 2*v - m = 1, 0 = 3*m - 0*m - 15. Suppose 0 = v*o - 27 + 3. What is the greatest common divisor of 16 and o?
8
Let n be 3 - (-2 - (-1 + -1)). Suppose 0 = 3*b + 3*t - 60, n*b - 2*t - 55 = -4*t. Suppose -4*l + 20 = -2*l. What is the greatest common divisor of b and l?
5
Let j = 74 - -147. What is the highest common factor of 17 and j?
17
Let q(a) = -a + 1. Let j be q(1). Suppose 2*d + j*d = -22. Let i = d + 18. Calculate the greatest common factor of i and 63.
7
Suppose -2*h = -4*c + 4, -4*h = -c - 0*h - 6. Let x be 1/(c - 1) + 62 + 1. Calculate the greatest common factor of 8 and x.
8
Let v(k) = -k + 5. Let f be v(-7). Let z(q) = q**3 + 7*q**2 - 9*q - 2. Let g be z(-8). What is the greatest common divisor of g and f?
6
Suppose -24 = -0*l - 6*l. Suppose l*n - 75 = -n. Suppose -2*c + 2*b + 1 + 11 = 0, n = -3*b. What is the highest common divisor of c and 11?
1
Suppose 2*a + 2*a - 64 = 0. Suppose -5*x + 35 = 3*g + 2*g, -4*x + 26 = 3*g. Suppose 0 = u - x + 3. What is the highest common divisor of u and a?
2
Let k(p) = p**2 - 19*p - 39. Let n be k(21). What is the greatest common factor of n and 129?
3
Let l = 65 + -36. Suppose -9*o + 864 = -963. What is the greatest common factor of o and l?
29
Suppose -4*k + a + 27 = -6, 3*a = -k - 8. Suppose 4*t = -18 + 38. Suppose -10*q + t*q + 315 = 0. Calculate the highest common divisor of q and k.
7
Let t = -31 + 43. Suppose 0 = 6*c - 33 - 69. Let q(j) = -j**2 + 22*j + 11. Let k be q(c). What is the highest common factor of t and k?
12
Suppose -11*p = 31 + 2. Let g be (4 - 4 - p) + -2 + 6. Calculate the greatest common divisor of 154 and g.
7
Suppose -38*j = -32*j + 510. Let c = j + 153. Calculate the highest common factor of c and 51.
17
Suppose c = -y - 0*y + 10, 0 = 4*c - 3*y - 40. Suppose -15*z + c*z = -40. Calculate the greatest common divisor of 20 and z.
4
Suppose 4*r = -3*x + 36, 74 - 14 = 5*x - 2*r. Suppose 0 = -b + 7*b - 24. Calculate the greatest common divisor of x and b.
4
Let z be 69/15 + (-9)/15. Suppose h + z*h = 400. Suppose -h = -2*b - 2*b. What is the greatest common divisor of b and 4?
4
Suppose 2*t - 5*t + 3*b = -18, -2 = -3*t - b. Suppose 18 - t = 4*a. What is the greatest common divisor of 6 and a?
2
Let y(f) = 2*f + 23. Let a(j) = -j**2 - 11*j + 3. Let q be a(-12). Let l be y(q). Calculate the greatest common factor of 2 and l.
1
Suppose 289*z + 780 = 302*z. What is the greatest common divisor of 45 and z?
15
Suppose 0 = -3*t + 56 + 97. What is the greatest common divisor of t and 51?
51
Let x be 5/(-3)*2976/(-620). Calculate the greatest common factor of x and 296.
8
Suppose 0 = 2*p - 88 - 12. Let n = -9 - -9. Suppose n = 2*u + u - 75. Calculate the highest common divisor of p and u.
25
Let b be (-2 - -3)/(3/6) + 1. Let f be -5 - -5 - (-11 - 1). What is the highest common divisor of b and f?
3
Let d = -2559 + 1802. Let k = -226 - d. Calculate the highest common divisor of 59 and k.
59
Let m be 2 + 2*(3 - 5). Let c(o) = o**2 - 1. Let w be c(m). Let b be 40/w*(-90)/(-24). Calculate the greatest common factor of 10 and b.
10
Let u = -5 - -5. Suppose -n + 3*n - 16 = u. Suppose 29 = 3*j - 2*m + 7, 25 = 3*j + m. What is the highest common factor of n and j?
8
Let f be 2*1/(6/(-3)). Let x be 6/((f - 0) + 3). Suppose 2*b = 4*z - x*z + 1, -b = 4*z - 32. What is the highest common factor of 7 and z?
7
Let a be 10/65 - (-32000)/208. Calculate the highest common divisor of a and 70.
14
Let p = 35 + 12. Suppose p = 3